prime number?
False
Is 7536887665 composite?
True
Is 936153523 a prime number?
True
Is 18834189053 a composite number?
False
Is 28110776189 a prime number?
True
Is 272353519 a composite number?
False
Is 37288597427 prime?
False
Is 52067428519 composite?
False
Is 6494184881 prime?
False
Is 893767073 composite?
True
Is 5406849691 prime?
False
Is 937744999 prime?
False
Is 826227287 composite?
False
Is 22859954717 prime?
True
Is 3457438429 a prime number?
True
Is 1947562931 a prime number?
True
Is 884838377 composite?
False
Is 159302467 a prime number?
False
Is 3242958911 a composite number?
False
Is 69342247901 composite?
False
Is 1811939321 prime?
False
Is 3044671121 prime?
True
Is 79645466899 prime?
False
Is 6864634263 prime?
False
Is 37275301669 composite?
True
Is 647444747 prime?
True
Is 8976096319 a prime number?
False
Is 1058796617 prime?
True
Is 2731312427 composite?
False
Is 4214965627 a composite number?
True
Is 39453347 prime?
True
Is 166934081 prime?
True
Is 1356918977 composite?
True
Is 4845132497 a composite number?
False
Is 2798608361 a composite number?
False
Is 28824805523 prime?
False
Is 3025371203 a composite number?
True
Is 1160412613 composite?
True
Is 16001428369 a prime number?
False
Is 230820897 a composite number?
True
Is 2626270903 a composite number?
False
Is 47925894797 composite?
True
Is 1744871353 a prime number?
False
Is 876498037 composite?
True
Is 300744341 a composite number?
False
Is 5999631887 a composite number?
False
Is 5688467509 a composite number?
True
Is 2180896499 a prime number?
True
Is 6310223789 composite?
True
Is 705716773 composite?
True
Is 18662647 composite?
True
Is 6712069961 composite?
True
Is 34254222589 prime?
True
Is 11505900733 composite?
False
Is 3886102873 a prime number?
False
Is 415440709 a prime number?
True
Is 163617973 a composite number?
False
Is 6439408663 a prime number?
True
Is 157418299837 a prime number?
False
Is 76712969 a prime number?
True
Is 3586379887 a composite number?
False
Is 850932011 a prime number?
True
Is 542201057 composite?
True
Is 6003479369 a prime number?
True
Is 1445190049 a composite number?
True
Is 6833797073 composite?
True
Is 2401383421 composite?
False
Is 64480641 a composite number?
True
Is 5719977161 a prime number?
True
Is 523792921 prime?
False
Is 12493176089 composite?
False
Is 3656621417 a composite number?
True
Is 2405399441 a prime number?
True
Is 16717409453 a prime number?
True
Is 218832659 prime?
True
Is 51508383747 a composite number?
True
Is 25740888377 prime?
True
Is 12138419093 a composite number?
True
Is 20875032809 a composite number?
False
Is 4629010423 a composite number?
True
Is 2936730079 a composite number?
True
Is 3116630443 prime?
False
Is 18170350019 composite?
False
Is 5902736039 composite?
True
Is 63014450419 prime?
True
Is 5648767711 a prime number?
False
Is 11970259001 composite?
False
Is 499206887 prime?
False
Is 19160690147 prime?
True
Is 24667546013 composite?
True
Is 487671467 a composite number?
False
Is 19325905559 a composite number?
False
Is 214986098363 prime?
False
Is 3625501279 a composite number?
True
Is 45397269655 prime?
False
Is 10260363881 a composite number?
False
Is 3795955547 a prime number?
True
Is 978951979 a prime number?
True
Is 2524218209 prime?
False
Is 1003586971 a composite number?
True
Is 873911117 prime?
False
Is 9774531685 composite?
True
Is 1766590031 composite?
False
Is 546479299 a composite number?
True
Is 5367363619 a composite number?
False
Is 2840106427 a composite number?
True
Is 23198944331 composite?
True
Is 121901141 a prime number?
False
Is 1209052463 prime?
True
Is 38968558661 a prime number?
False
Is 11402825627 composite?
True
Is 27549407771 composite?
True
Is 9370335107 prime?
False
Is 1144278209 prime?
False
Is 31865535707 a composite number?
False
Is 33938097461 prime?
True
Is 77888681891 prime?
True
Is 14059405553 a prime number?
True
Is 7672118691 prime?
False
Is 46835347823 a composite number?
True
Is 513995921 composite?
False
Is 17217539557 a prime number?
True
Is 311985761 composite?
False
Is 15290327721 a prime number?
False
Is 123933659 a prime number?
True
Is 764984939 a prime number?
False
Is 1265329691 a prime number?
False
Is 3407145323 a composite number?
True
Is 331253921411 a prime number?
False
Is 100205201 prime?
False
Is 32336711689 prime?
True
Is 10061162851 prime?
True
Is 63630079 a prime number?
True
Is 8080084787 a composite number?
True
Is 96641383 a prime number?
False
Is 148064177 composite?
False
Is 11913625853 composite?
False
Is 15276203413 prime?
True
Is 1051985351 composite?
False
Is 457232449 composite?
False
Is 6805901111 prime?
False
Is 27398417 composite?
True
Is 725464939 composite?
True
Is 577113973 a composite number?
False
Is 3242617177 prime?
True
Is 9764103215 composite?
True
Is 1634894761 composite?
False
Is 210753649 a prime number?
True
Is 60477260807 prime?
False
Is 25982994929 prime?
False
Is 61814908279 composite?
False
Is 1210139191 prime?
True
Is 3479041261 composite?
False
Is 90723823777 prime?
False
Is 2895184847 composite?
True
Is 1391128993 a prime number?
True
Is 1436224939 prime?
True
Is 105971339 a composite number?
False
Is 56245266167 prime?
False
Is 16235867173 composite?
False
Is 26018065679 prime?
False
Is 993663959 prime?
True
Is 3344497609 prime?
False
Is 3784385131 a prime number?
False
Is 15278689661 prime?
False
Is 64257959 composite?
False
Is 9951910393 a composite number?
True
Is 1874449853 a prime number?
True
Is 3563045987 prime?
True
Is 23600653 prime?
True
Is 346252273 composite?
False
Is 22067501479 a composite number?
True
Is 1022850601 composite?
False
Is 31855044659 composite?
False
Is 755273251 composite?
False
Is 10330927379 a composite number?
False
Is 62711866523 prime?
False
Is 10315787959 composite?
False
Is 7677382105 composite?
True
Is 8462940967 prime?
False
Is 5074080941 prime?
False
Is 28452235027 prime?
True
Is 33334184755 composite?
True
Is 4369106017 a prime number?
True
Is 2266184911 prime?
False
Is 13494054191 a prime number?
False
Is 28510392221 prime?
False
Is 202341427 composite?
False
Is 1721476489 prime?
True
Is 6292644361 composite?
False
Is 2036139829 a prime number?
True
Is 201844873 a composite number?
True
Is 1038894099 prime?
False
Is 79775610049 prime?
False
Is 12115031069 a prime number?
True
Is 234578587 prime?
False
Is 2009258627 a composite number?
True
Is 1218768209 prime?
False
Is 1307256239 a prime number?
False
Is 4713341597 composite?
True
Is 142920157 prime?
False
Is 30405717535 a prime number?
False
Is 2081108047 prime?
True
Is 371410717 composite?
True
Is 70500196387 a composite number?
False
Is 6944727589 prime?
True
Is 77385739897 prime?
True
Is 118495337 a composite number?
True
Is 27356743 a prime number?
True
Is 28715048711 composite?
False
Is 26526702061 a prime number?
False
Is 29050859777 a prime number?
False
Is 454094023 composite?
False
Is 493595929 prime?
True
Is 1318224241 a prime number?
False
Is 36956222941 a composite number?
True
Is 265327219 a composite number?
False
Is 2341195117 composite?
False
Is 3198876029 a composite number?
False
Is 29684256065 a composite number?
True
Is 2492333 a prime number?
False
Is 439579729 prime?
False
Is 5161892467 a prime number?
True
Is 89316496757 a composite number?
False
Is 41733173617 prime?
False
Is 36238263487 a prime number?
True
Is 1303027933 a prime number?
True
Is 1891876369 a composite number?
True
Is 117004091 a composite number?
True
Is 41378002183 a composite number?
True
Is 155139062401 a composite number?
False
Is 323474141 composite?
False
Is 145391143 prime?
True
Is 22764120383 prime?
True
Is 15487781663 composite?
True
Is 9512137837 a composite number?
True
Is 2590801231 composite?
True
Is 392345986 a prime number?
False
Is 18295127 composite?
False
Is 14824494679 composite?
True
Is 702187957 a prime number?
False
Is 35349565063 a prime number?
True
Is 123067585 a prime number?
False
Is 6238133233 a composite number?
True
Is 7294279457 prime?
False
Is 2343180421 prime?
True
Is 2406153023 a prime number?
True
Is 17422010107 prime?
True
Is 5888414617 prime?
False
Is 1785434513 a composite number?
True
Is 64488707411 composite?
False
Is 10654791943 a composite number?
True
Is 9192658627 a prime n